or of 231 and 32593?
11
What is the greatest common divisor of 128 and 87732?
4
Calculate the highest common factor of 105518 and 28.
14
What is the highest common divisor of 270 and 519345?
135
What is the highest common divisor of 174 and 19546?
58
Calculate the greatest common factor of 391547 and 4.
1
What is the greatest common divisor of 288 and 97728?
96
What is the highest common divisor of 7447 and 153679?
677
What is the highest common factor of 8844 and 3696?
132
What is the highest common factor of 4368 and 23478?
546
Calculate the greatest common factor of 3 and 274843.
1
What is the highest common factor of 223419 and 672?
21
Calculate the greatest common divisor of 1236 and 17424.
12
What is the greatest common factor of 35570 and 80?
10
Calculate the highest common factor of 555020 and 20.
20
Calculate the highest common divisor of 20 and 19112020.
20
What is the greatest common divisor of 28704 and 1035?
69
Calculate the highest common divisor of 27738 and 60903.
603
Calculate the greatest common divisor of 295 and 20532.
59
Calculate the highest common factor of 17831 and 231.
11
Calculate the highest common divisor of 379272 and 12.
12
Calculate the highest common divisor of 40269 and 2759.
31
Calculate the highest common factor of 10500 and 5850.
150
Calculate the highest common divisor of 179 and 156983.
179
What is the greatest common divisor of 9262 and 7612?
22
Calculate the highest common factor of 12698 and 98.
14
What is the highest common divisor of 390053 and 43?
43
What is the highest common divisor of 165 and 1439680?
55
Calculate the greatest common factor of 13855 and 3586.
163
Calculate the highest common divisor of 1543 and 6429681.
1543
Calculate the greatest common divisor of 3116250 and 500.
250
Calculate the greatest common factor of 11913 and 1444.
361
Calculate the highest common factor of 350529 and 2979.
993
What is the greatest common divisor of 3163232 and 40?
8
What is the highest common factor of 155 and 7175?
5
What is the greatest common factor of 873 and 3589?
97
What is the highest common divisor of 53217 and 219?
219
What is the highest common divisor of 1131453 and 81?
9
What is the greatest common factor of 18 and 25920?
18
What is the highest common divisor of 234868 and 9088?
284
Calculate the highest common divisor of 315 and 29505.
105
Calculate the greatest common divisor of 19643 and 351.
13
Calculate the highest common factor of 1085632 and 64.
64
Calculate the highest common divisor of 836 and 12.
4
What is the highest common divisor of 1391111 and 395?
79
Calculate the highest common factor of 5733 and 4851.
441
What is the greatest common divisor of 432827 and 11363?
1033
What is the greatest common divisor of 818 and 19?
1
Calculate the highest common divisor of 3770 and 29870.
290
Calculate the highest common divisor of 95 and 1267015.
95
Calculate the greatest common divisor of 3400 and 133450.
850
Calculate the highest common factor of 1201611 and 153.
51
What is the highest common divisor of 123998 and 1?
1
What is the greatest common divisor of 4025 and 75?
25
Calculate the greatest common factor of 10827 and 9.
9
What is the highest common divisor of 36 and 22716?
36
What is the greatest common divisor of 2088 and 397152?
72
Calculate the greatest common divisor of 909 and 14713983.
909
Calculate the greatest common factor of 576 and 13792.
32
What is the greatest common factor of 64493 and 10660?
533
Calculate the highest common factor of 7 and 1685516.
7
What is the highest common factor of 31104 and 1104?
48
Calculate the highest common divisor of 2936 and 280.
8
What is the highest common divisor of 145761 and 1155?
231
Calculate the greatest common divisor of 234 and 24714.
18
What is the greatest common factor of 4412 and 20?
4
What is the greatest common divisor of 83445 and 30?
15
Calculate the greatest common factor of 7011 and 38171.
779
What is the greatest common divisor of 176714 and 298?
298
What is the highest common divisor of 116 and 3632?
4
Calculate the highest common factor of 1053 and 19521.
81
What is the greatest common divisor of 5885 and 88495?
55
Calculate the greatest common divisor of 4510 and 492.
82
What is the greatest common factor of 113 and 12091?
113
Calculate the highest common factor of 18 and 125199.
9
Calculate the highest common factor of 1120468 and 368.
92
What is the greatest common factor of 4781 and 343?
7
Calculate the highest common divisor of 266422 and 16.
2
What is the greatest common factor of 11501 and 1325?
53
What is the greatest common factor of 2201 and 80507?
31
What is the highest common factor of 156 and 59916?
12
Calculate the greatest common factor of 13250 and 3250.
250
What is the greatest common divisor of 2992 and 4112?
16
What is the highest common divisor of 301275 and 1625?
325
What is the highest common divisor of 39 and 287404?
13
Calculate the greatest common divisor of 1937787 and 244.
61
Calculate the greatest common factor of 164525 and 35.
5
What is the greatest common divisor of 14940 and 581?
83
What is the greatest common divisor of 173 and 695?
1
What is the greatest common divisor of 5508 and 1212?
12
Calculate the greatest common divisor of 1274 and 6223.
49
Calculate the highest common factor of 1114 and 2322690.
1114
Calculate the greatest common factor of 14867681 and 479.
479
Calculate the greatest common factor of 1591 and 592.
37
Calculate the highest common divisor of 12592 and 256.
16
What is the highest common factor of 585230 and 430?
430
What is the highest common factor of 152700 and 150?
150
Calculate the highest common divisor of 222 and 67542.
6
Calculate the highest common factor of 1260 and 31140.
180
What is the highest common factor of 1173 and 338169?
69
What is the highest common divisor of 176850 and 1230?
30
What is the highest common divisor of 7684 and 14464?
452
Calculate the greatest common factor of 52765 and 54595.
305
Calculate the greatest common factor of 352880 and 1760.
880
What is the highest common factor of 54438 and 258?
258
What is the greatest common factor of 1582076 and 548?
548
What is the greatest common factor of 8437 and 286?
143
What is the highest common factor of 190 and 14782?
38
What is the highest common factor of 1967 and 1283327?
281
What is the greatest common factor of 462 and 1782?
66
What is the highest common divisor of 352 and 390214?
22
What is the greatest common factor of 996 and 756?
12
Calculate the greatest common factor of 1096 and 1048187.
137
Calculate the highest common divisor of 546 and 507962.
182
Calculate the greatest common factor of 1377 and 75573.
81
Calculate the greatest common divisor of 398088 and 2808.
216
Calculate the greatest common divisor of 1448 and 716941.
181
Calculate the highest common divisor of 6494 and 170.
34
Calculate the greatest common divisor of 161 and 343091.
161
Calculate the highest common factor of 10950 and 675.
75
What is the highest common factor of 17 and 10260?
1
Calculate the highest common factor of 176177 and 164.
41
Calculate the highest common divisor of 22641 and 9.
3
What is the highest common divisor of 9707 and 85?
17
What is the highest common divisor of 747 and 20754?
9
Calculate the highest common divisor of 11237 and 90557.
661
What is the highest common divisor of 1137215 and 5780?
1445
What is the greatest common factor of 29175 and 24?
3
Calculate the highest common divisor of 30850 and 30.
10
What is the highest common factor of 84669 and 2873?
169
What is the greatest common divisor of 534 and 2118?
6
Calculate the highest common factor of 530 and 98.
2
Calculate the greatest common divisor of 12943 and 56287.
301
Calculate the greatest common divisor of 197448 and 3344.
152
What is the highest common factor of 58 and 81461?
29
What is the greatest common divisor of 142990 and 158?
158
What is the greatest common factor of 2400 and 1359200?
800
What is the highest common divisor of 2052 and 9804?
228
What is the greatest common divisor of 61 and 180743?
61
Calculate the highest common factor of 715 and 4345.
55
Calculate the greatest common factor of 346 and 762238.
346
Calculate the greatest common factor of 70 and 4397960.
70
What is the greatest common factor 